 factor of 4720620?
True
Is 43 a factor of 774516?
True
Is 1077 a factor of 13059539?
False
Is 46 a factor of 247862?
False
Is 167 a factor of 759821?
False
Is 87 a factor of 225591?
True
Is 348 a factor of 382800?
True
Is 78012 a multiple of 36?
True
Is 95 a factor of 1142978?
False
Does 744 divide 2557872?
True
Does 67 divide 5658383?
False
Does 24 divide 665784?
True
Does 82 divide 81338?
False
Does 2 divide 259024?
True
Does 182 divide 3427242?
True
Is 544 a factor of 11451161?
False
Is 44 a factor of 1206704?
False
Is 10 a factor of 327010?
True
Does 13 divide 200598?
False
Is 2977467 a multiple of 149?
True
Is 94 a factor of 8307544?
False
Is 469459 a multiple of 10?
False
Does 91 divide 4383829?
False
Is 869260 a multiple of 10?
True
Is 487411 a multiple of 446?
False
Does 54 divide 22742?
False
Is 116872 a multiple of 56?
True
Does 8 divide 351652?
False
Is 4 a factor of 13507?
False
Does 162 divide 2833866?
True
Is 92638 a multiple of 91?
True
Is 2852240 a multiple of 20?
True
Is 650 a factor of 968646?
False
Is 33 a factor of 2472704?
False
Is 11 a factor of 228613?
True
Is 8 a factor of 48165?
False
Is 1416725 a multiple of 31?
False
Is 4 a factor of 57621?
False
Is 478534 a multiple of 15?
False
Is 264140 a multiple of 1324?
False
Is 765285 a multiple of 2?
False
Does 1118 divide 3496021?
False
Does 113 divide 1067795?
False
Is 612892 a multiple of 49?
True
Does 7 divide 570535?
True
Does 46 divide 348325?
False
Is 23 a factor of 557428?
True
Is 5123300 a multiple of 26?
True
Is 195340 a multiple of 10?
True
Does 4 divide 1998096?
True
Is 264003 a multiple of 386?
False
Does 11 divide 154610?
False
Does 11 divide 587232?
False
Is 3524604 a multiple of 308?
False
Is 3167 a multiple of 13?
False
Is 20 a factor of 225775?
False
Is 63132 a multiple of 6?
True
Does 11 divide 265723?
False
Is 10 a factor of 11916920?
True
Does 21 divide 1296498?
True
Is 72336 a multiple of 44?
True
Does 8 divide 170216?
True
Is 25 a factor of 85100?
True
Is 3537892 a multiple of 724?
False
Is 160 a factor of 10469120?
True
Does 239 divide 11571663?
True
Does 85 divide 117617?
False
Is 358 a factor of 30615086?
True
Is 87 a factor of 44805?
True
Does 1443 divide 10867233?
True
Is 18 a factor of 3531384?
True
Is 599358 a multiple of 523?
True
Is 7980 a multiple of 38?
True
Is 4349 a multiple of 2?
False
Is 18 a factor of 151412?
False
Is 200668 a multiple of 227?
True
Is 83 a factor of 216464?
True
Does 265 divide 138021?
False
Does 38 divide 356478?
True
Is 380842 a multiple of 4?
False
Does 70 divide 3340400?
True
Is 301515 a multiple of 3?
True
Does 10 divide 39008?
False
Is 1433640 a multiple of 26?
True
Is 138677 a multiple of 7?
True
Does 6 divide 196434?
True
Is 17 a factor of 2159780?
False
Is 1114 a factor of 10095068?
True
Does 171 divide 137655?
True
Is 995136 a multiple of 73?
True
Does 1011 divide 2219145?
True
Does 287 divide 203021?
False
Is 5 a factor of 49960?
True
Is 432 a factor of 7511616?
True
Does 118 divide 2618915?
False
Is 10317 a multiple of 18?
False
Does 9 divide 1438866?
True
Does 10 divide 522130?
True
Does 43 divide 64158?
False
Does 110 divide 117878?
False
Is 276822 a multiple of 9?
True
Is 3377478 a multiple of 159?
True
Does 16 divide 5730613?
False
Is 1170360 a multiple of 822?
False
Is 61110 a multiple of 16?
False
Is 39 a factor of 18456942?
False
Is 55689 a multiple of 3?
True
Does 116 divide 1187899?
False
Does 124 divide 461924?
False
Does 3 divide 126372?
True
Is 4336683 a multiple of 17?
True
Is 2309299 a multiple of 9?
False
Is 3 a factor of 11904?
True
Is 3447956 a multiple of 1523?
False
Does 9 divide 645816?
False
Is 199355 a multiple of 355?
False
Does 63 divide 85680?
True
Is 35892 a multiple of 9?
True
Is 43 a factor of 4062234?
False
Is 877394 a multiple of 98?
True
Does 184 divide 98905?
False
Is 62 a factor of 1334178?
True
Is 20167752 a multiple of 11?
True
Is 212 a factor of 1736068?
True
Does 114 divide 115258?
False
Does 12 divide 191247?
False
Does 16 divide 2310546?
False
Is 12 a factor of 2187719?
False
Is 6977344 a multiple of 11?
True
Does 139 divide 12308450?
True
Is 14751641 a multiple of 16?
False
Is 988 a factor of 1745448?
False
Is 170024 a multiple of 10?
False
Is 306856 a multiple of 22?
True
Is 90225 a multiple of 5?
True
Is 125 a factor of 1544250?
True
Is 80125 a multiple of 5?
True
Is 148818 a multiple of 73?
False
Is 29 a factor of 314495?
False
Does 59 divide 1365055?
False
Is 248792 a multiple of 7?
False
Is 6912963 a multiple of 9?
True
Is 4 a factor of 44354?
False
Does 15 divide 3918375?
True
Is 1810215 a multiple of 23?
True
Is 430984 a multiple of 17?
True
Is 263343 a multiple of 10?
False
Does 72 divide 14467464?
True
Does 362 divide 2168463?
False
Does 70 divide 1286790?
False
Is 44 a factor of 59136?
True
Does 32 divide 194944?
True
Does 3 divide 64600?
False
Is 1427380 a multiple of 115?
True
Is 1432524 a multiple of 38?
True
Is 18473325 a multiple of 13?
True
Does 24 divide 2238615?
False
Is 51 a factor of 1393029?
False
Is 111 a factor of 253635?
True
Is 20079703 a multiple of 17?
True
Is 388 a factor of 29725767?
False
Is 35386 a multiple of 40?
False
Does 276 divide 6093528?
True
Does 14 divide 1661786?
True
Does 903 divide 1805608?
False
Is 76 a factor of 635056?
True
Does 14 divide 1825454?
False
Is 3209368 a multiple of 8?
True
Is 396 a multiple of 3?
True
Does 11 divide 565246?
True
Is 5035836 a multiple of 1019?
False
Is 104460 a multiple of 30?
True
Does 10 divide 10420?
True
Does 18 divide 2566393?
False
Is 152795 a multiple of 3?
False
Does 1017 divide 7368182?
False
Does 76 divide 1152008?
True
Is 2268 a multiple of 80?
False
Is 3457672 a multiple of 1069?
False
Is 5035569 a multiple of 27?
False
Does 97 divide 1242927?
False
Is 3531818 a multiple of 953?
True
Is 150 a factor of 30619?
False
Is 513516 a multiple of 3?
True
Does 49 divide 13706667?
False
Does 925 divide 109150?
True
Does 129 divide 404106?
False
Is 57 a factor of 33003?
True
Is 93291 a multiple of 150?
False
Does 56 divide 105616?
True
Is 13936 a multiple of 7?
False
Is 113 a factor of 3255793?
False
Is 127 a factor of 6839204?
True
Is 17 a factor of 187945?
False
Is 47 a factor of 175592?
True
Is 5492565 a multiple of 369?
True
Is 23 a factor of 127025?
False
Is 84400 a multiple of 15?
False
Is 7 a factor of 3891?
False
Is 180966 a multiple of 199?
False
Is 242606 a multiple of 13?
True
Does 216 divide 88992?
True
Does 18 divide 1654902?
True
Does 126 divide 343076?
False
Is 350920 a multiple of 5?
True
Does 72 divide 543240?
True
Does 285 divide 423795?
True
Is 827196 a multiple of 12?
True
Does 9 divide 374354?
False
Is 35 a factor of 33317?
False
Is 99 a factor of 78687?
False
Does 8 divide 9244464?
True
Does 14 divide 779621?
False
Is 4103613 a multiple of 9?
True
Is 1325276 a multiple of 14?
False
Does 142 divide 219674?
True
Is 10875719 a multiple of 242?
False
Does 35 divide 306600?
True
Is 10502901 a multiple of 275?
False
Is 19 a factor of 161139?
True
Is 752950 a multiple of 50?
True
Is 31722 a multiple of 34?
True
Is 32394 a multiple of 50?
False
Is 70 a factor of 161630?
True
Is 93 a factor of 119440?
False
Is 424717 a multiple of 595?
False
Does 29 divide 87426?
False
Does 72 divide 6453044?
False
Is 378450 a multiple of 225?
True
Is 4 a factor of 23704?
True
Does 21 divide 41431?
False
Does 30 divide 172530?
True
Is 2851368 a multiple of 39?
True
Does 59 divide 760158?
False
Is 64262 a multiple of 22?
True
Is 1557881 a multiple of 85?
False
Is 123456 a multiple of 192?
True
Is 89124 a multiple of 28?
True
Is 65 a factor of 9230?
True
Is 26 a factor of 6780072?
True
Is 75 a factor of 983917?
False
Is 648906 a multiple of 6?
True
Does 302 divide 491052?
True
Is 1177675 a multiple of 5?
True
Is 12 a factor of 9096?
True
Is 311944 a multiple of 86?
False
Is 26 a factor of 349050?
True
Is 10 a factor of 124964?
False
Does 31 divide 9162918?
True
Does 8 divide 377549?
False
Does 3 divide 21189?
True
Does 192 divide 5082048?
True
Is 34021 a multiple of 46?
False
Does 33 divide 3332703?
True
Does 13 divide 1988118?
False
Is 34 a factor of 24285?
False
Is 242680 a multiple of 20?
True
Does 262 divide 1162174?
False
Does 73 divide 701092?
True
Does 47 divide 175545?
True
Is 278 a fact